 -303. Calculate the remainder when u is divided by t.
20
Let o(u) = -97*u + 1182. Calculate the remainder when 2465 is divided by o(12).
17
Let w be 87/2*4/6. Let m(z) = 19*z**3 - z + z**2 + 58 - 29 - w. What is the remainder when 35 is divided by m(1)?
16
Suppose 5*h - 3*p = -0*p + 670, 23*h - 2*p - 3023 = 0. What is the remainder when h is divided by 18?
5
Suppose 3*l + 134 = 5*t, -t + 35*l = 33*l - 24. Calculate the remainder when 51 is divided by t.
23
Suppose 0 = -5*t + 2*t + 21. Suppose 3 + 15 = 2*o + 4*l, 35*o = -4*l + 315. What is the remainder when o is divided by t?
2
Suppose 321 = -6*s + 1971. What is the remainder when 68 is divided by (4/(-10))/((-5)/s)?
2
Let b = 18111 + -18078. What is the remainder when 1285 is divided by b?
31
Let m = 57567 + -57546. Suppose 0 = -4*c - 5*p + 1185 + 575, 3*c - p - 1320 = 0. Calculate the remainder when c is divided by m.
20
Let c = 67 - 61. Let f be c/8*-4 - (0 - -1). Calculate the remainder when 24 is divided by (15/2)/(2/(-16)*f).
9
Suppose 3*q = 9*q - 78. Suppose 128 = q*i + 3*i. Suppose 3*u - 42 = -0*u. Calculate the remainder when u is divided by i.
6
Let y = 3490 + -3398. What is the remainder when 257 is divided by y?
73
Suppose 6*f - 12*f = -168. Let x = 5922 - 5882. Calculate the remainder when x is divided by f.
12
Let j(t) = -70*t**3 - 199*t**2 + 11*t - 3. What is the remainder when j(-6) is divided by 68?
67
Suppose -4*c + 399 = -237. Calculate the remainder when c is divided by (-3)/(-4) + 168/32 - (-1 + -25).
31
Suppose 2*r + 4*s - 210 = 0, 5*s + 189 = 4*r - 153. Calculate the remainder when 556 is divided by r.
91
Let p(i) = -2*i**2 - 10*i + 12. Let v be p(-5). Let y(q) = 40*q**2 + q**3 - 28*q**2 + v - 19*q**2. What is the remainder when y(7) is divided by 5?
2
Suppose -416 + 24 = -4*v. Suppose 2*g + 16 = v. Suppose -2*i = -i - 11. Calculate the remainder when g is divided by i.
8
Let i = 23733 + -23617. Calculate the remainder when 167 is divided by i.
51
Suppose 0 = -3*t - 3*u + 225, 2*u + u = 12. Let b be 7/2*(-32)/(-28). Suppose b*m + 19 = 79. What is the remainder when t is divided by m?
11
Let z = 20 - 10. Suppose -2*u = u - 69. Let d = u - 6. What is the remainder when d is divided by z?
7
Suppose -2 = 6*u - 14. Suppose 4*b - u*b + 13 = -3*g, 8 = 2*b. Calculate the remainder when 50 + 4 + g - (-1 - -2) is divided by 6.
4
Suppose -96*g + 19116 = -108*g + 70932. What is the remainder when g is divided by 8?
6
What is the remainder when 127 is divided by ((-11)/(-3) + 3)*-6*45/(-72)?
2
Let t = -2634 + 2888. What is the remainder when t is divided by 96?
62
Let r(g) = g**2 + g + 60. Let i be r(0). Let j = -43 + i. Calculate the remainder when j is divided by 2/(-4)*(-37 - (-19 + 14/7)).
7
Let y(j) = j**2 + 45*j + 197. Calculate the remainder when y(0) is divided by 61.
14
Suppose 83*p = 114*p - 19282. Calculate the remainder when 1257 is divided by p.
13
Let j(v) = -2*v**3 + 21*v**2 - 51*v + 7. Let z be j(7). What is the remainder when 288 is divided by (4 - (-264)/20) + z/35?
16
Let y(k) = k**2 - 46*k + 59. Let i be y(45). Suppose i*u - 11*u + 4*g - 34 = 0, -2*g + 52 = 4*u. Calculate the remainder when 291 is divided by u.
11
Suppose -16*j - 20*j - 660 = -6168. What is the remainder when j is divided by 94?
59
Suppose 18264 = 168*a + 141*a + 5904. What is the remainder when 133 is divided by a?
13
Let l = 18804 + -14254. Calculate the remainder when l is divided by 18.
14
Let v(a) = -5*a - 29. Let w(x) = x + 6. Let f(m) = -4*v(m) - 22*w(m). Suppose 198 - 163 = 7*p. Calculate the remainder when f(-15) is divided by p.
4
Let r(m) = 11*m**2 + 4*m - 4. Let s be r(1). Suppose -5*x + 20 = -2*o, -5*x = 5*o - 9 - s. Suppose -y + 16 = -o*y. What is the remainder when y is divided by 9?
7
Let t = 1 - 0. Let y = -1845 - -1842. Calculate the remainder when t + (-402)/y + -4 is divided by 22.
21
Let r(s) = -5*s**3 + 119*s**2 + 491*s - 3. What is the remainder when r(-4) is divided by 76?
29
Suppose 175 = 4*u - 17. Calculate the remainder when (1736/12 - 4) + 32/96 is divided by u.
45
What is the remainder when 5*-1*199155/(-1775) is divided by 55?
11
Let j(k) = k**3 - 32*k**2 - 180*k - 92. Calculate the remainder when 633 is divided by j(37).
75
What is the remainder when 1507 is divided by (-8)/16 + (-66)/(-12)?
2
Let r(u) = -u - 8. Let w be r(4). Calculate the remainder when 658 is divided by (2 - 20/6) + (-196)/w.
13
Let w = -119 - -125. Suppose -w*k + 80 = -16. What is the remainder when 124 is divided by k?
12
Let u(l) = l**2 + 14*l - 10. Let i be u(-18). Let g = 56 + i. Calculate the remainder when g is divided by 14.
6
Let b be (41 + -27)*(-3)/(-2). Suppose 6*a = b + 15. What is the remainder when 12 is divided by a?
0
Let l(v) = 4*v**2 - 4*v + 4. Let j be ((-8)/(-10))/(8/(-20)). Calculate the remainder when 391 is divided by l(j).
27
Let g(y) = 16*y - 141. Let o be g(9). Suppose -22*u - 325 = -26*u + r, o*r - 91 = -u. Calculate the remainder when u is divided by 29.
24
Let x(y) = 2*y**3 + 128*y**2 - 2*y - 72. What is the remainder when 2459 is divided by x(-64)?
51
Suppose 4*p - 4*u - 45 - 27 = 0, -13 = -p - 4*u. What is the remainder when 7257 is divided by p?
15
Let i(t) = 2*t**3 - 121*t**2 - 782*t + 123. Suppose -482 = -3*x + 2*a - 6*a, 630 = 4*x - a. What is the remainder when x is divided by i(-6)?
23
Let d(y) = 2*y + 22. Let o be d(5). Suppose 2*t + o - 192 = 4*s, 3*t - 212 = -s. Suppose -4*n + t = 2*n. Calculate the remainder when 47 is divided by n.
11
Calculate the remainder when 1998 is divided by (-578)/(-29) - (-72)/1044.
18
Let o(q) = q**3 + 8*q**2 - 25*q - 15. Let b = -915 + 905. What is the remainder when 160 is divided by o(b)?
20
Suppose 3*u + d - 32368 = 3*d, 3*d - 32358 = -3*u. What is the remainder when u is divided by 130?
128
Let w be (-3 + (4 - (-39)/21))*7. Suppose -4*j - j = w. What is the remainder when 21 is divided by -1*(j/12)/((-2)/(-24))?
1
Suppose 0*y + 54 = 2*q - 4*y, -3*q = y - 88. Suppose 2*a + 126 = -7*a. Let j = a - -25. What is the remainder when q is divided by j?
7
Let p be 3/10*(19 + -9). Suppose -p*m = -2*q - q + 300, q = 4*m + 106. What is the remainder when q is divided by 3*((-16)/(-6) + 1)?
10
Suppose 0 = -2*d + 11 - 15. What is the remainder when 71/d*(-20)/10 is divided by 2*(-63)/(-14) + 0?
8
Let b = -57 - -66. Suppose 0 = -4*x + 76 + 236. What is the remainder when x is divided by b?
6
Let n be ((-28)/(-35))/((-4)/30). Let y(g) = -g**3 - 5*g**2 + 5*g - 4. Let b be y(n). Suppose 32 - 12 = b*w. Calculate the remainder when 37 is divided by w.
7
Suppose 2*x - 3*x = 3*c + 13, -3*x + 9 = -3*c. Calculate the remainder when 87 is divided by 10/4 - 3 - 74/c.
15
Let y = 445 - 409. What is the remainder when 773 is divided by y?
17
Suppose 13*r = r - 72. Let h(x) = x**3 + 7*x**2 + 4*x - 8. What is the remainder when 43 is divided by h(r)?
3
Calculate the remainder when ((-20)/(-8) + 459/90)*45 is divided by 128.
86
Let y(q) = -265*q + 2662. What is the remainder when 3875 is divided by y(10)?
11
Let c(h) = -342*h + 494. Calculate the remainder when c(0) is divided by 137.
83
Suppose -11*o - 2*x = -6*o - 774, -o = -4*x - 146. Let b = -87 + 113. What is the remainder when o is divided by b?
24
Let s(m) = 32*m + 64. Let j be s(-5). Let n = 62 + -141. Let o = n - j. What is the remainder when 99 is divided by o?
14
Let z(q) = -q**2 - 15*q + 19. Let x(j) = 6*j - 1. Let h be x(-2). Let k be z(h). Let d = k - -32. What is the remainder when d is divided by 39?
38
Let a(x) = x**3 + 9*x**2 - 6*x - 10. Let c be a(-10). Let u = c + 85. What is the remainder when 34 is divided by 14*(u/(-10) - -4)?
6
Let n = 72 + -59. Suppose -5*q - 207 = -4*i, -n*i = -8*i + 3*q - 231. What is the remainder when i is divided by 10?
8
Suppose -r + 64 - 41 = 0. Let m = r - 10. Calculate the remainder when -1*(-5 + 3)/(-2) - -28 is divided by m.
1
Let m = 16 - 10. Suppose -m*j + 24 = -3*j - 3*g, -3*g = -j + 16. Suppose -76 = -0*i - j*i. What is the remainder when 56 is divided by i?
18
Let o = 553 - 367. Calculate the remainder when o is divided by 2/16 - (5 + (-830)/16).
45
Let t(m) = -6*m - 2. Suppose 0 = 57*f - 58*f + 71. Suppose 16*w = 121 + f. Calculate the remainder when t(-8) is divided by w.
10
Suppose -7*j - 6*j - 156 = 0. Calculate the remainder when 35/28 